t of n?
3
Let u(c) = 28*c**3 + 4 - c**2 - 13*c**3 - 5*c**3 - 13*c**3 - 3*c. What is the tens digit of u(-3)?
8
Suppose 5*h = 5*z - 605, -3*z + 4*h + 424 = 60. Let c = 437 - z. What is the hundreds digit of c?
3
Let z(h) = 1530*h**2 + 50*h + 14. What is the hundreds digit of z(-4)?
2
Let t be 1245/2 + 39/26 + 0. Suppose -191*z + 190*z = -t. What is the tens digit of z?
2
What is the hundreds digit of (1/4)/((-1)/(-4)) + 8219?
2
Let c = -448 + 931. Suppose 4*n + 118 = -3*s + 629, c = 3*s - 3*n. Suppose 0 = 4*q + 4*w + w - s, -3*w + 126 = 3*q. What is the units digit of q?
5
Suppose -1 = 5*z - 2*v - 36, 0 = -4*v - 20. Let w = -10 - -26. Suppose 0 = 4*a - w, -4*a = z*x - a - 517. What is the hundreds digit of x?
1
Let x = 93 - -3105. What is the units digit of x?
8
What is the hundreds digit of (-15 + (-513)/(-38))*(-19660)/3?
8
Suppose 10*f = 3*f - 154. Let g(q) = -4*q - 32. Let j be g(f). What is the units digit of j + (9/(-1))/(-3)?
9
Let p(t) = -661*t - 465. What is the units digit of p(-2)?
7
Let a be (30/75)/((-1)/(-35)). Let p(m) = -m**2 - m + 1. Let s(l) = -l**3 + 11*l**2 - 26*l + 12. Let g(y) = -5*p(y) + s(y). What is the tens digit of g(a)?
0
Let f be (-74)/10 + -1 + 158/395. What is the hundreds digit of (1 - -50)/(-3)*f?
1
Suppose 18 = 5*j - 2*j, -4*j = 3*x - 43752. What is the units digit of x?
6
Suppose 34*u = 13006 + 311372 + 1286338. What is the units digit of u?
4
Let d = 231 - 216. Suppose -d*o + 3137 = 197. What is the tens digit of o?
9
Let h(a) = 650*a**3 + 6*a**2 - 12*a + 8. What is the hundreds digit of h(2)?
2
Suppose 0 = -23*g + 9*g + 210. Let t be 5*(4/g)/((-18)/(-81)). Suppose 0 = t*h - 1265 + 101. What is the hundreds digit of h?
1
Let g(t) = -4*t + 20. Suppose 2*l - 4 = -8. Let m(x) = 3*x - 21. Let c(p) = l*g(p) - 3*m(p). What is the units digit of c(-5)?
8
Let a = -37 + 37. Suppose 0 = m - a - 3. Suppose -m*x = 4*v - 316, 2*v + 0 - 2 = 0. What is the hundreds digit of x?
1
Suppose 0 = 5*k + 5, 729 = 3*n + 4*k - 401. What is the tens digit of n?
7
Let q(i) = -1976*i + 1929. What is the tens digit of q(-6)?
8
Let n(x) = -4*x**3 - 3*x**2 - 4*x - 11. Suppose 0*v - 12 = 2*v. Let c be n(v). Suppose 235 = -6*i + c. What is the tens digit of i?
8
Suppose 403 - 103 = 2*t + r, 0 = t + 5*r - 141. Let x = t - 273. Let w = -55 - x. What is the tens digit of w?
6
Suppose -6*s + 2*f = -4*s + 2482, -2497 = 2*s + 3*f. Let m = -886 - s. What is the units digit of m?
8
Let r(j) = -27*j**2 + 2*j - 3. Let m(z) = -z**2 - z - 2. Let b(q) = 6*m(q) - r(q). What is the hundreds digit of b(-3)?
2
Let j(t) = 15*t - 67. Let z be 6*(320/(-24))/(-4). What is the hundreds digit of j(z)?
2
Suppose 25950 = 4137*q - 4123*q - 147020. What is the tens digit of q?
5
Suppose -3*j = -5*s + 27, -17*j + 18*j = 4*s - 16. Suppose 679 + 683 = s*w. What is the units digit of w?
4
Let j(z) = -280*z - 120. What is the units digit of j(-11)?
0
Let f be 68/((1 + -3)/(7 + -12)). Let t = f - 118. Suppose 48*r = t*r - 628. What is the units digit of r?
7
Let r = 59255 + -38285. What is the units digit of r?
0
Suppose 0 = -4*u + 3*r - 272, 4*u + 187 = -3*r - 109. Let v = -71 - u. Suppose 3*f - 56 = -x, -5*f = -v*f + 3*x - 100. What is the units digit of f?
7
Let m = 62 - 40. Let w(l) = 8*l - m*l - 2 + 3 - 13. What is the units digit of w(-4)?
4
Let s(q) be the first derivative of -q**4/4 - 4*q**3/3 + 12*q**2 + 12*q + 94. What is the tens digit of s(-11)?
9
Let a(q) = 102*q**3 - 22*q**2 + 7*q - 100. What is the tens digit of a(7)?
5
What is the hundreds digit of (261556/(-3))/(-4) - (-19 + 1450/75)?
7
Let k(t) = -17*t**2 + 5*t - 19. Let y(z) = -26*z**2 + 8*z - 30. Let x(g) = 7*k(g) - 5*y(g). What is the tens digit of x(7)?
2
Suppose -a + 0*x + 3*x = -287, 0 = a + 5*x - 279. What is the hundreds digit of (a - (0 + 0 - -4)) + 4?
2
Let k(g) be the second derivative of -g**3 + 27*g**2/2 + 6*g - 77. Suppose -5 - 55 = 5*y. What is the tens digit of k(y)?
9
Let v(w) = 2*w**3 - 51*w**2 + 27*w - 12. What is the units digit of v(26)?
6
Let t(x) = 6*x**3 + 12*x**2 + 2*x + 72. Let h(l) = 2*l**3 + 4*l**2 + l + 24. Let u(g) = 14*h(g) - 5*t(g). What is the hundreds digit of u(-10)?
5
What is the tens digit of 14/2 - ((-1)/6)/(2/97332)?
1
Suppose 0 = -8*b + 321 + 191. Suppose h = -0*w - 5*w + 56, b = 5*w - h. Suppose -w = -3*r, 2*s = -r - 0*r + 90. What is the tens digit of s?
4
Let m = -4118 + 5649. What is the units digit of m?
1
Suppose 0 = 5*v + a - 110679, 35*v + 4*a = 36*v - 22161. What is the tens digit of v?
3
Let c be 3*2/6*0. Suppose c = -3*g - 2*t + 514, -4*g - 3*t - t + 680 = 0. Let j = g - 42. What is the hundreds digit of j?
1
Let j(s) = 3*s**2 - 2*s - 3. Let o be j(-1). Let m(r) = 31*r**2 + 7*r - 12*r**2 - 13*r**o - 4*r**2. What is the units digit of m(-6)?
0
Suppose 0 = 4*a + 3*n - 18109, n - 3*n + 22624 = 5*a. Suppose 0 = -3*x + 52 + 35. Suppose -12*q + x*q = a. What is the units digit of q?
6
Let i = 145706 - 92727. What is the ten thousands digit of i?
5
Let s be (-30)/(-5) - (8 - (10 - 3)). Let a(h) = 3*h**3 + 6*h**2 + 11*h + 1. What is the tens digit of a(s)?
8
Let j = 25672 - 4095. What is the hundreds digit of j?
5
Let k(r) = -r + 5. Let d(a) = -a + 6. Let c(i) = -5*d(i) + 6*k(i). Let l(v) = 15. Let g(x) = -5*c(x) - l(x). What is the units digit of g(10)?
5
Let s = -43 + 46. Suppose 33 = 6*m - s. Suppose -m*x + 86 = -148. What is the tens digit of x?
3
What is the thousands digit of 682/2*-83*(-4 + 2)?
6
Let h = -7219 - -13489. What is the hundreds digit of h?
2
Suppose 6*o = 2*o + 4. Let n(m) = 31*m**2. Let a(z) = -z - 1. Let w(c) = o*n(c) + 5*a(c). What is the tens digit of w(-1)?
3
Let j be 12353/33 + (2/(-3))/(-1). Suppose 0 = -4*m + 405 + j. Suppose m = 4*o - 413. What is the tens digit of o?
5
Let n = 47 + -41. Let u be (13/(13/n))/(-2). Let j = 77 - u. What is the units digit of j?
0
Let t(b) = -2*b**3 - 3*b**2 + 3*b - 4. Let c be t(-3). Suppose 2*g + 0*g + 4*q = c, -q = 3. Suppose 1147 = 6*x + g. What is the tens digit of x?
8
Let v be (2 - (-40)/(-24))/(2/(-102)). What is the units digit of 12/(-2) + (-6375)/v?
9
Let l(y) = 3*y**2 + 5*y + 4. Suppose -4*x = -6*x + 10. Let q be l(x). Suppose 0 = 4*d - 3*d - q. What is the hundreds digit of d?
1
Suppose 189 = 26*s + 59. Suppose l + 5743 = s*g, 1159 = g + 19*l - 14*l. What is the thousands digit of g?
1
Suppose -15*z = -14*z - 13. Let w(i) = -18 - 18 + 10 + 8*i + 0. What is the units digit of w(z)?
8
Let c(i) = 128*i - 121. What is the units digit of c(12)?
5
Let w be -1 + -1 - (8 + 0 - 35). Let k be 710 - 5*2/w*-5. What is the units digit of (0 - k/(-10))*20/8?
8
Let h(z) = 3*z - 4*z**2 + 38*z**3 - 5*z**2 - 17 - 37*z**3. Let q be h(9). What is the tens digit of q/(-18)*-6*234/5?
5
Let n(r) = -r**2 + 8*r + 2. Let c be n(8). Let d be 1/(c/3) - (-33)/(-6). Let w(l) = l**2 + 4*l + 5. What is the units digit of w(d)?
5
Suppose 2*p - 5*i + 0*i - 120 = 0, 5*p = -2*i + 271. Suppose -5*q - p = 5*o, -8*q + 3*q = 5. What is the hundreds digit of o/25 - (-2048)/20?
1
Let d = 28 - 23. Suppose 7*l = 3*l + d*m - 272, -5*l - m - 369 = 0. Let s = -6 - l. What is the tens digit of s?
6
Let y = -210 + 215. Suppose -y*k = -188 - 417. What is the units digit of k?
1
Suppose 3*x - 12984 - 102038 = v, -3*x + 115110 = -12*v. What is the hundreds digit of x?
3
Let r(z) = -z - 1. Let h(f) = f**3 - 14*f**2 - 29*f + 32. Let q(b) = h(b) - 4*r(b). What is the tens digit of q(17)?
7
What is the units digit of ((-297000)/462)/(249/84 - 3)?
0
Let n(h) be the second derivative of -h**5/20 + 3*h**4/2 + 19*h**3/6 + 11*h. Let b be n(19). Suppose b = -12*l + 11*l + 27. What is the tens digit of l?
2
Suppose -3*z = -15 + 9. Suppose 0 = -z*a + 9*a + 1148. Let c = -73 - a. What is the units digit of c?
1
Let n(a) = -2*a - 5. Let q be n(-10). Let m be -20*(-1 + 3/q)/2. Suppose -x + 216 = m*x. What is the tens digit of x?
2
Let y = 75044 + -35488. What is the hundreds digit of y?
5
Let b = 1082 - 356. Let l = b + -104. What is the hundreds digit of l?
6
Suppose 3*a - 5104 = -b, 3*b - 5*a = 21461 - 6121. What is the units digit of b?
0
Let r(h) be the first derivative of -9*h**2/2 + 346*h + 171. What is the units digit of r(-8)?
8
Let h(z) = -29*z**2 - 67*z - 18. Let a(d) = 10*d**2 + 24*d + 6. Let o(v) = -11*a(v) - 4*h(v). Let k = -8 + 4. What is 